{"id":903,"date":"2021-11-17T13:10:32","date_gmt":"2021-11-17T13:10:32","guid":{"rendered":"https:\/\/www.defensorianinez.cl\/informe-anual-2021\/?page_id=903"},"modified":"2023-01-20T14:35:34","modified_gmt":"2023-01-20T14:35:34","slug":"creditos","status":"publish","type":"page","link":"https:\/\/www.defensorianinez.cl\/informe-anual-2022\/creditos\/","title":{"rendered":"Cr\u00e9ditos"},"content":{"rendered":"\t\t<div data-elementor-type=\"wp-page\" data-elementor-id=\"903\" class=\"elementor elementor-903\">\n\t\t\t\t\t\t<section class=\"elementor-section elementor-top-section elementor-element elementor-element-623e851 elementor-section-content-middle elementor-section-boxed elementor-section-height-default elementor-section-height-default\" data-id=\"623e851\" data-element_type=\"section\" data-e-type=\"section\" data-settings=\"{&quot;background_background&quot;:&quot;classic&quot;}\">\n\t\t\t\t\t\t<div class=\"elementor-container elementor-column-gap-default\">\n\t\t\t\t\t<div class=\"elementor-column elementor-col-100 elementor-top-column elementor-element elementor-element-e49062d\" data-id=\"e49062d\" data-element_type=\"column\" data-e-type=\"column\">\n\t\t\t<div class=\"elementor-widget-wrap elementor-element-populated\">\n\t\t\t\t\t\t<div class=\"elementor-element elementor-element-530ae76 elementor-widget elementor-widget-spacer\" data-id=\"530ae76\" data-element_type=\"widget\" data-e-type=\"widget\" data-widget_type=\"spacer.default\">\n\t\t\t\t<div class=\"elementor-widget-container\">\n\t\t\t\t\t\t\t<div class=\"elementor-spacer\">\n\t\t\t<div class=\"elementor-spacer-inner\"><\/div>\n\t\t<\/div>\n\t\t\t\t\t\t<\/div>\n\t\t\t\t<\/div>\n\t\t\t\t\t<\/div>\n\t\t<\/div>\n\t\t\t\t\t<\/div>\n\t\t<\/section>\n\t\t\t\t<section class=\"elementor-section elementor-top-section elementor-element elementor-element-a277cf0 elementor-section-full_width elementor-section-height-default elementor-section-height-default\" data-id=\"a277cf0\" data-element_type=\"section\" data-e-type=\"section\">\n\t\t\t\t\t\t<div class=\"elementor-container elementor-column-gap-default\">\n\t\t\t\t\t<div class=\"elementor-column elementor-col-100 elementor-top-column elementor-element elementor-element-496e032\" data-id=\"496e032\" data-element_type=\"column\" data-e-type=\"column\">\n\t\t\t<div class=\"elementor-widget-wrap\">\n\t\t\t\t\t\t\t<\/div>\n\t\t<\/div>\n\t\t\t\t\t<\/div>\n\t\t<\/section>\n\t\t\t\t<section class=\"elementor-section elementor-top-section elementor-element elementor-element-9c5c943 elementor-section-boxed elementor-section-height-default elementor-section-height-default\" data-id=\"9c5c943\" data-element_type=\"section\" data-e-type=\"section\">\n\t\t\t\t\t\t<div class=\"elementor-container elementor-column-gap-default\">\n\t\t\t\t\t<div class=\"elementor-column elementor-col-100 elementor-top-column elementor-element elementor-element-d2c2779\" data-id=\"d2c2779\" data-element_type=\"column\" data-e-type=\"column\">\n\t\t\t<div class=\"elementor-widget-wrap elementor-element-populated\">\n\t\t\t\t\t\t<div class=\"elementor-element elementor-element-e34baa8 elementor-widget elementor-widget-text-editor\" data-id=\"e34baa8\" data-element_type=\"widget\" data-e-type=\"widget\" data-widget_type=\"text-editor.default\">\n\t\t\t\t<div class=\"elementor-widget-container\">\n\t\t\t\t\t\t\t\t\t<h5 style=\"text-align: center;\"><strong>INFORME ANUAL 2022<\/strong><\/h5><p style=\"text-align: center;\">DERECHOS HUMANOS DE NI\u00d1OS, NI\u00d1AS Y ADOLESCENTES EN CHILE<\/p><p style=\"text-align: center;\">DEFENSOR\u00cdA DE LOS DERECHOS DE LA NI\u00d1EZ<\/p><p style=\"text-align: center;\"><span style=\"color: #9d005e;\"><strong>Defensora de la Ni\u00f1ez<\/strong><\/span><\/p><p style=\"text-align: center;\">Patricia Mu\u00f1oz Garc\u00eda<\/p><p style=\"text-align: center;\"><span style=\"color: #9d005e;\"><strong>Coordinaci\u00f3n y edici\u00f3n general\u00a0<\/strong><\/span><\/p><p class=\"p1\" style=\"text-align: center;\">Pamela Mel\u00e9ndez Madariaga<span class=\"Apple-converted-space\">\u00a0<\/span><\/p><p style=\"text-align: center;\"><span style=\"color: #9d005e;\"><strong>Edici\u00f3n de contenidos\u00a0<\/strong><\/span><\/p><p class=\"p1\" style=\"text-align: center;\">Victoria Becerra Osses<span class=\"Apple-converted-space\">\u00a0<\/span><\/p><p class=\"p1\" style=\"text-align: center;\">Meribel Gonz\u00e1lez Y\u00e1\u00f1ez<span class=\"Apple-converted-space\">\u00a0<\/span><\/p>\t\t\t\t\t\t\t\t<\/div>\n\t\t\t\t<\/div>\n\t\t\t\t\t<\/div>\n\t\t<\/div>\n\t\t\t\t\t<\/div>\n\t\t<\/section>\n\t\t\t\t<section class=\"elementor-section elementor-top-section elementor-element elementor-element-3029c67 elementor-section-boxed elementor-section-height-default elementor-section-height-default\" data-id=\"3029c67\" data-element_type=\"section\" data-e-type=\"section\" data-settings=\"{&quot;background_background&quot;:&quot;classic&quot;}\">\n\t\t\t\t\t\t<div class=\"elementor-container elementor-column-gap-default\">\n\t\t\t\t\t<div class=\"elementor-column elementor-col-100 elementor-top-column elementor-element elementor-element-c599bab\" data-id=\"c599bab\" data-element_type=\"column\" data-e-type=\"column\">\n\t\t\t<div class=\"elementor-widget-wrap elementor-element-populated\">\n\t\t\t\t\t\t<section class=\"elementor-section elementor-inner-section elementor-element elementor-element-cd69373 elementor-section-boxed elementor-section-height-default elementor-section-height-default\" data-id=\"cd69373\" data-element_type=\"section\" data-e-type=\"section\">\n\t\t\t\t\t\t<div class=\"elementor-container elementor-column-gap-default\">\n\t\t\t\t\t<div class=\"elementor-column elementor-col-100 elementor-inner-column elementor-element elementor-element-1a05b92\" data-id=\"1a05b92\" data-element_type=\"column\" data-e-type=\"column\">\n\t\t\t<div class=\"elementor-widget-wrap elementor-element-populated\">\n\t\t\t\t\t\t<div class=\"elementor-element elementor-element-ee20d8b elementor-widget elementor-widget-text-editor\" data-id=\"ee20d8b\" data-element_type=\"widget\" data-e-type=\"widget\" data-widget_type=\"text-editor.default\">\n\t\t\t\t<div class=\"elementor-widget-container\">\n\t\t\t\t\t\t\t\t\t<p style=\"text-align: center;\"><span style=\"color: #9d005e;\"><strong>Equipo de redacci\u00f3n de la Defensor\u00eda de la Ni\u00f1ez<\/strong><\/span><\/p>\t\t\t\t\t\t\t\t<\/div>\n\t\t\t\t<\/div>\n\t\t\t\t\t<\/div>\n\t\t<\/div>\n\t\t\t\t\t<\/div>\n\t\t<\/section>\n\t\t\t\t<section class=\"elementor-section elementor-inner-section elementor-element elementor-element-fffaea1 elementor-section-boxed elementor-section-height-default elementor-section-height-default\" data-id=\"fffaea1\" data-element_type=\"section\" data-e-type=\"section\">\n\t\t\t\t\t\t<div class=\"elementor-container elementor-column-gap-default\">\n\t\t\t\t\t<div class=\"elementor-column elementor-col-50 elementor-inner-column elementor-element elementor-element-7f28fc8\" data-id=\"7f28fc8\" data-element_type=\"column\" data-e-type=\"column\">\n\t\t\t<div class=\"elementor-widget-wrap elementor-element-populated\">\n\t\t\t\t\t\t<div class=\"elementor-element elementor-element-2c01d33 elementor-widget elementor-widget-text-editor\" data-id=\"2c01d33\" data-element_type=\"widget\" data-e-type=\"widget\" data-widget_type=\"text-editor.default\">\n\t\t\t\t<div class=\"elementor-widget-container\">\n\t\t\t\t\t\t\t\t\t<p dir=\"ltr\" style=\"text-align: center;\"><span style=\"color: #9d005e;\"><strong>Cuenta P\u00fablica<\/strong><\/span><\/p><p class=\"p1\" style=\"text-align: center;\">Meribel Gonz\u00e1lez Y\u00e1\u00f1ez<span class=\"Apple-converted-space\">\u00a0<\/span><\/p><p class=\"p1\" style=\"text-align: center;\"><span style=\"color: #9d005e;\"><b>Adultocentrismo en Chile y su relaci\u00f3n con <br \/>la participaci\u00f3n de la ni\u00f1ez y adolescencia<span class=\"Apple-converted-space\">\u00a0<\/span><\/b><\/span><\/p><p class=\"p1\" style=\"text-align: center;\">Orielle Ahumada Bisquett <br \/>Hermann Schwaderer Z\u00fa\u00f1iga<span class=\"Apple-converted-space\">\u00a0<\/span><\/p><p class=\"p1\" style=\"text-align: center;\"><span style=\"color: #9d005e;\"><b>Panorama estad\u00edstico de la ni\u00f1ez y adolescencia en Chile<span class=\"Apple-converted-space\">\u00a0<\/span><\/b><\/span><\/p><p class=\"p1\" style=\"text-align: center;\">Gabriel Guzm\u00e1n Riquelme<span class=\"Apple-converted-space\">\u00a0<br \/><\/span><\/p><p class=\"p1\" style=\"text-align: center;\">Valeria Illanes Sedo<span class=\"Apple-converted-space\">\u00a0<\/span><\/p><p class=\"p1\" style=\"text-align: center;\">Hermann Schwaderer Z\u00fa\u00f1iga<span class=\"Apple-converted-space\">\u00a0<\/span><\/p><p class=\"p1\" style=\"text-align: center;\"><span style=\"color: #9d005e;\"><b>Situaci\u00f3n de la ni\u00f1ez y adolescencia bajo el cuidado del Estado<span class=\"Apple-converted-space\">\u00a0<\/span><\/b><\/span><\/p><p class=\"p1\" style=\"text-align: center;\">Karla Toro Inostroza<span class=\"Apple-converted-space\">\u00a0<\/span><\/p><p class=\"p1\" style=\"text-align: center;\"><span style=\"color: #9d005e;\"><b>El derecho de la ni\u00f1ez y adolescencia a <br \/>estar protegido de la violencia del Estado<span class=\"Apple-converted-space\">\u00a0<\/span><\/b><\/span><\/p><p class=\"p1\" style=\"text-align: center;\">V\u00edctor Valenzuela Catrileo<span class=\"Apple-converted-space\">\u00a0<\/span><\/p><p class=\"p1\" style=\"text-align: center;\"><span style=\"color: #9d005e;\"><b>El derecho a la salud mental de ni\u00f1os, ni\u00f1as y adolescentes<span class=\"Apple-converted-space\">\u00a0<\/span><\/b><\/span><\/p><p class=\"p1\" style=\"text-align: center;\">Francisca Parra Rebolledo<span class=\"Apple-converted-space\">\u00a0<\/span><\/p><p class=\"p1\" style=\"text-align: center;\"><span style=\"color: #9d005e;\"><b>Seguridad alimentaria en la ni\u00f1ez y adolescencia<span class=\"Apple-converted-space\">\u00a0<\/span><\/b><\/span><\/p><p class=\"p1\" style=\"text-align: center;\">Valeria Illanes Aedo<span class=\"Apple-converted-space\">\u00a0<\/span><\/p><p class=\"p1\" style=\"text-align: center;\"><span style=\"color: #9d005e;\"><b>El juego en entornos digitales: desaf\u00edos para <br \/>un uso seguro por ni\u00f1os, ni\u00f1as y adolescentes <\/b><\/span><\/p><p class=\"p1\" style=\"text-align: center;\">Romina Novoa Ocares<\/p>\t\t\t\t\t\t\t\t<\/div>\n\t\t\t\t<\/div>\n\t\t\t\t\t<\/div>\n\t\t<\/div>\n\t\t\t\t<div class=\"elementor-column elementor-col-50 elementor-inner-column elementor-element elementor-element-a89fae5\" data-id=\"a89fae5\" data-element_type=\"column\" data-e-type=\"column\">\n\t\t\t<div class=\"elementor-widget-wrap elementor-element-populated\">\n\t\t\t\t\t\t<div class=\"elementor-element elementor-element-748750d elementor-widget elementor-widget-text-editor\" data-id=\"748750d\" data-element_type=\"widget\" data-e-type=\"widget\" data-widget_type=\"text-editor.default\">\n\t\t\t\t<div class=\"elementor-widget-container\">\n\t\t\t\t\t\t\t\t\t<p class=\"p1\" style=\"text-align: center;\"><span style=\"color: #9d005e;\"><b>El derecho a la educaci\u00f3n: desaf\u00edos en la convivencia escolar<span class=\"Apple-converted-space\">\u00a0<\/span><\/b><\/span><\/p><p class=\"p1\" style=\"text-align: center;\">Pamela Mel\u00e9ndez Madariaga<span class=\"Apple-converted-space\">\u00a0<\/span><\/p><p>\u00a0<\/p><p class=\"p1\" style=\"text-align: center;\"><span style=\"color: #9d005e;\"><b>La voz de los ni\u00f1os, ni\u00f1as y adolescentes <br \/>en la Convenci\u00f3n Constitucional<span class=\"Apple-converted-space\">\u00a0<\/span><\/b><\/span><\/p><p class=\"p1\" style=\"text-align: center;\">Orielle Ahumada Bisquett<\/p><p class=\"p1\" style=\"text-align: center;\">Valentina Castillo Rojas<\/p><p class=\"p1\" style=\"text-align: center;\">Gabriel Guzm\u00e1n Riquelme<\/p><p class=\"p1\" style=\"text-align: center;\">Yaiza Lorenzo Chamorro<\/p><p class=\"p1\" style=\"text-align: center;\">Juana Moreno Mart\u00edn<\/p><p>\u00a0<\/p><p class=\"p1\" style=\"text-align: center;\"><span style=\"color: #9d005e;\"><b>El rol del Estado como garante principal <br \/>de los derechos de la ni\u00f1ez y adolescencia<span class=\"Apple-converted-space\">\u00a0<\/span><\/b><\/span><\/p><p class=\"p1\" style=\"text-align: center;\">Gabriel Guzm\u00e1n Riquelme<span class=\"Apple-converted-space\">\u00a0<\/span><\/p><p>\u00a0<\/p><p class=\"p1\" style=\"text-align: center;\"><span style=\"color: #9d005e;\"><b>Protecci\u00f3n integral: recordando el prop\u00f3sito de <br \/>la nueva institucionalidad de ni\u00f1ez y adolescencia<span class=\"Apple-converted-space\">\u00a0<\/span><\/b><\/span><\/p><p class=\"p1\" style=\"text-align: center;\">Emilia Rivas Lagos<span class=\"Apple-converted-space\">\u00a0<\/span><\/p><p>\u00a0<\/p><p class=\"p1\" style=\"text-align: center;\"><span style=\"color: #9d005e;\"><b>Diversidad sexual en la ni\u00f1ez y adolescencia: visibilizar <br \/>su realidad para el resguardo de sus derechos<span class=\"Apple-converted-space\">\u00a0<\/span><\/b><\/span><\/p><p class=\"p1\" style=\"text-align: center;\">Gabriel Mar\u00edn Figueroa<span class=\"Apple-converted-space\">\u00a0<\/span><\/p><p>\u00a0<\/p><p class=\"p1\" style=\"text-align: center;\"><span style=\"color: #9d005e;\"><b>Crisis humanitaria: el derecho a migrar de ni\u00f1os, ni\u00f1as y adolescentes<span class=\"Apple-converted-space\">\u00a0<\/span><\/b><\/span><\/p><p class=\"p1\" style=\"text-align: center;\">Giannina Mondino Barrera<span class=\"Apple-converted-space\">\u00a0<\/span><\/p>\t\t\t\t\t\t\t\t<\/div>\n\t\t\t\t<\/div>\n\t\t\t\t\t<\/div>\n\t\t<\/div>\n\t\t\t\t\t<\/div>\n\t\t<\/section>\n\t\t\t\t\t<\/div>\n\t\t<\/div>\n\t\t\t\t\t<\/div>\n\t\t<\/section>\n\t\t\t\t<section class=\"elementor-section elementor-top-section elementor-element elementor-element-08f13ee elementor-section-boxed elementor-section-height-default elementor-section-height-default\" data-id=\"08f13ee\" data-element_type=\"section\" data-e-type=\"section\" data-settings=\"{&quot;background_background&quot;:&quot;classic&quot;}\">\n\t\t\t\t\t\t<div class=\"elementor-container elementor-column-gap-default\">\n\t\t\t\t\t<div class=\"elementor-column elementor-col-100 elementor-top-column elementor-element elementor-element-beb7260\" data-id=\"beb7260\" data-element_type=\"column\" data-e-type=\"column\">\n\t\t\t<div class=\"elementor-widget-wrap elementor-element-populated\">\n\t\t\t\t\t\t<section class=\"elementor-section elementor-inner-section elementor-element elementor-element-aab17a3 elementor-section-boxed elementor-section-height-default elementor-section-height-default\" data-id=\"aab17a3\" data-element_type=\"section\" data-e-type=\"section\">\n\t\t\t\t\t\t<div class=\"elementor-container elementor-column-gap-default\">\n\t\t\t\t\t<div class=\"elementor-column elementor-col-50 elementor-inner-column elementor-element elementor-element-714560c\" data-id=\"714560c\" data-element_type=\"column\" data-e-type=\"column\">\n\t\t\t<div class=\"elementor-widget-wrap elementor-element-populated\">\n\t\t\t\t\t\t<div class=\"elementor-element elementor-element-fd782de elementor-widget elementor-widget-text-editor\" data-id=\"fd782de\" data-element_type=\"widget\" data-e-type=\"widget\" data-widget_type=\"text-editor.default\">\n\t\t\t\t<div class=\"elementor-widget-container\">\n\t\t\t\t\t\t\t\t\t<p dir=\"ltr\" style=\"text-align: center;\"><span style=\"color: #9d005e;\"><strong>Dise\u00f1o general<\/strong><\/span><\/p><p class=\"p1\" style=\"text-align: center;\">Fernanda Vargas Catal\u00e1n<span class=\"Apple-converted-space\">\u00a0<\/span><\/p><p>\u00a0<\/p><p class=\"p1\" style=\"text-align: center;\"><span style=\"color: #9d005e;\"><b>Colaboradores dise\u00f1o<span class=\"Apple-converted-space\">\u00a0<\/span><\/b><\/span><\/p><p class=\"p1\" style=\"text-align: center;\">V\u00edctor Buque\u00f1o Z\u00fa\u00f1iga<\/p><p class=\"p1\" style=\"text-align: center;\">Madelinne Fonseca Constanzo<span class=\"Apple-converted-space\">\u00a0<\/span><\/p><p>\u00a0<\/p><p dir=\"ltr\" style=\"text-align: center;\"><span style=\"color: #9d005e;\"><strong>Infograf\u00edas<\/strong><\/span><\/p><p dir=\"ltr\" style=\"text-align: center;\">Jorge Cort\u00e9s Gallo<\/p>\t\t\t\t\t\t\t\t<\/div>\n\t\t\t\t<\/div>\n\t\t\t\t\t<\/div>\n\t\t<\/div>\n\t\t\t\t<div class=\"elementor-column elementor-col-50 elementor-inner-column elementor-element elementor-element-7ff3d14\" data-id=\"7ff3d14\" data-element_type=\"column\" data-e-type=\"column\">\n\t\t\t<div class=\"elementor-widget-wrap elementor-element-populated\">\n\t\t\t\t\t\t<div class=\"elementor-element elementor-element-6552086 elementor-widget elementor-widget-text-editor\" data-id=\"6552086\" data-element_type=\"widget\" data-e-type=\"widget\" data-widget_type=\"text-editor.default\">\n\t\t\t\t<div class=\"elementor-widget-container\">\n\t\t\t\t\t\t\t\t\t<p class=\"p1\" style=\"text-align: center;\"><b><span style=\"color: #9d005e;\">Fotograf\u00edas<\/span> <\/b><\/p><p class=\"p1\" style=\"text-align: center;\">Vania Fern\u00e1ndez Labbe<\/p><p dir=\"ltr\" style=\"text-align: center;\"><span style=\"color: #9d005e;\"><strong>Correcci\u00f3n de estilo<\/strong><\/span><\/p><p dir=\"ltr\" style=\"text-align: center;\">Osvaldo Mena Cartes<\/p>\t\t\t\t\t\t\t\t<\/div>\n\t\t\t\t<\/div>\n\t\t\t\t\t<\/div>\n\t\t<\/div>\n\t\t\t\t\t<\/div>\n\t\t<\/section>\n\t\t\t\t\t<\/div>\n\t\t<\/div>\n\t\t\t\t\t<\/div>\n\t\t<\/section>\n\t\t\t\t<section class=\"elementor-section elementor-top-section elementor-element elementor-element-a3bcbec elementor-section-boxed elementor-section-height-default elementor-section-height-default\" data-id=\"a3bcbec\" data-element_type=\"section\" data-e-type=\"section\" data-settings=\"{&quot;background_background&quot;:&quot;classic&quot;}\">\n\t\t\t\t\t\t<div class=\"elementor-container elementor-column-gap-default\">\n\t\t\t\t\t<div class=\"elementor-column elementor-col-100 elementor-top-column elementor-element elementor-element-ebc2998\" data-id=\"ebc2998\" data-element_type=\"column\" data-e-type=\"column\">\n\t\t\t<div class=\"elementor-widget-wrap elementor-element-populated\">\n\t\t\t\t\t\t<section class=\"elementor-section elementor-inner-section elementor-element elementor-element-6c554e4 elementor-section-boxed elementor-section-height-default elementor-section-height-default\" data-id=\"6c554e4\" data-element_type=\"section\" data-e-type=\"section\">\n\t\t\t\t\t\t<div class=\"elementor-container elementor-column-gap-default\">\n\t\t\t\t\t<div class=\"elementor-column elementor-col-100 elementor-inner-column elementor-element elementor-element-47ad278\" data-id=\"47ad278\" data-element_type=\"column\" data-e-type=\"column\">\n\t\t\t<div class=\"elementor-widget-wrap elementor-element-populated\">\n\t\t\t\t\t\t<div class=\"elementor-element elementor-element-b7616f3 elementor-widget elementor-widget-text-editor\" data-id=\"b7616f3\" data-element_type=\"widget\" data-e-type=\"widget\" data-widget_type=\"text-editor.default\">\n\t\t\t\t<div class=\"elementor-widget-container\">\n\t\t\t\t\t\t\t\t\t<p dir=\"ltr\" style=\"text-align: center;\"><span style=\"color: #9d005e;\"><strong>Forma de citar:\u00a0<\/strong><\/span><\/p><p class=\"p1\" style=\"text-align: center;\">Defensor\u00eda de la Ni\u00f1ez. 2022. Informe Anual 2022. <br \/>Derechos humanos de ni\u00f1os, ni\u00f1as y adolescentes en Chile.<span class=\"Apple-converted-space\">\u00a0<\/span><\/p>\t\t\t\t\t\t\t\t<\/div>\n\t\t\t\t<\/div>\n\t\t\t\t<div class=\"elementor-element elementor-element-7d2450e elementor-widget elementor-widget-text-editor\" data-id=\"7d2450e\" data-element_type=\"widget\" data-e-type=\"widget\" data-widget_type=\"text-editor.default\">\n\t\t\t\t<div class=\"elementor-widget-container\">\n\t\t\t\t\t\t\t\t\t<p class=\"p1\" style=\"text-align: center;\"><span style=\"font-size: 10pt;\">Esta publicaci\u00f3n es de uso p\u00fablico y sus contenidos pueden ser reproducidos total o parcialmente con la correspondiente cita. <br \/>Cualquier uso del material audiovisual por parte de terceros podr\u00e1 ser sancionado por la legislaci\u00f3n vigente.<span class=\"Apple-converted-space\">\u00a0<\/span><\/span><\/p><p dir=\"ltr\" style=\"text-align: center;\"><span style=\"font-size: 10pt; color: #9d005e;\">Copyright \u00a9 todos los derechos reservados.<\/span><\/p>\t\t\t\t\t\t\t\t<\/div>\n\t\t\t\t<\/div>\n\t\t\t\t\t<\/div>\n\t\t<\/div>\n\t\t\t\t\t<\/div>\n\t\t<\/section>\n\t\t\t\t<div class=\"elementor-element elementor-element-084361c elementor-widget elementor-widget-html\" data-id=\"084361c\" data-element_type=\"widget\" data-e-type=\"widget\" data-widget_type=\"html.default\">\n\t\t\t\t<div class=\"elementor-widget-container\">\n\t\t\t\t\t<style>\n    p{\n        margin: 0;\n    }\n<\/style>\t\t\t\t<\/div>\n\t\t\t\t<\/div>\n\t\t\t\t\t<\/div>\n\t\t<\/div>\n\t\t\t\t\t<\/div>\n\t\t<\/section>\n\t\t\t\t<\/div>\n\t\t","protected":false},"excerpt":{"rendered":"<p>INFORME ANUAL 2022 DERECHOS HUMANOS DE NI\u00d1OS, NI\u00d1AS Y ADOLESCENTES EN CHILE DEFENSOR\u00cdA DE LOS DERECHOS DE LA NI\u00d1EZ Defensora de la Ni\u00f1ez Patricia Mu\u00f1oz Garc\u00eda Coordinaci\u00f3n y edici\u00f3n general\u00a0 Pamela Mel\u00e9ndez Madariaga\u00a0 Edici\u00f3n de contenidos\u00a0 Victoria Becerra Osses\u00a0 Meribel Gonz\u00e1lez Y\u00e1\u00f1ez\u00a0 Equipo de redacci\u00f3n de la Defensor\u00eda de la Ni\u00f1ez Cuenta P\u00fablica Meribel Gonz\u00e1lez [&hellip;]<\/p>\n","protected":false},"author":1,"featured_media":0,"parent":0,"menu_order":0,"comment_status":"closed","ping_status":"closed","template":"","meta":{"inline_featured_image":false,"footnotes":""},"class_list":["post-903","page","type-page","status-publish","hentry"],"acf":[],"_links":{"self":[{"href":"https:\/\/www.defensorianinez.cl\/informe-anual-2022\/wp-json\/wp\/v2\/pages\/903","targetHints":{"allow":["GET"]}}],"collection":[{"href":"https:\/\/www.defensorianinez.cl\/informe-anual-2022\/wp-json\/wp\/v2\/pages"}],"about":[{"href":"https:\/\/www.defensorianinez.cl\/informe-anual-2022\/wp-json\/wp\/v2\/types\/page"}],"author":[{"embeddable":true,"href":"https:\/\/www.defensorianinez.cl\/informe-anual-2022\/wp-json\/wp\/v2\/users\/1"}],"replies":[{"embeddable":true,"href":"https:\/\/www.defensorianinez.cl\/informe-anual-2022\/wp-json\/wp\/v2\/comments?post=903"}],"version-history":[{"count":61,"href":"https:\/\/www.defensorianinez.cl\/informe-anual-2022\/wp-json\/wp\/v2\/pages\/903\/revisions"}],"predecessor-version":[{"id":2506,"href":"https:\/\/www.defensorianinez.cl\/informe-anual-2022\/wp-json\/wp\/v2\/pages\/903\/revisions\/2506"}],"wp:attachment":[{"href":"https:\/\/www.defensorianinez.cl\/informe-anual-2022\/wp-json\/wp\/v2\/media?parent=903"}],"curies":[{"name":"wp","href":"https:\/\/api.w.org\/{rel}","templated":true}]}}